{"id":92,"date":"2025-12-27T05:35:10","date_gmt":"2025-12-27T05:35:10","guid":{"rendered":"https:\/\/www.eventaconcept.com\/index.php\/contact-us\/"},"modified":"2026-04-12T07:33:55","modified_gmt":"2026-04-12T07:33:55","slug":"contact-us","status":"publish","type":"page","link":"https:\/\/www.eventaconcept.com\/index.php\/contact-us\/","title":{"rendered":"Contact Us"},"content":{"rendered":"\n<div class=\"section-wrapper\" data-id=\"2yxazB\"><section class=\"wp-block-gutenverse-section guten-element guten-section guten-2yxazB layout-boxed align-stretch\"><div class=\"guten-container guten-column-gap-no\">\n<div class=\"wp-block-gutenverse-column guten-element guten-column guten-wLlI8U\"><div class=\"guten-column-wrapper\" data-id=\"wLlI8U\">\n<div class=\"wp-block-gutenverse-image guten-element guten-image guten-q2l39X\"><a class=\"guten-image-wrapper\" href=\"#\"><img decoding=\"async\" class=\"gutenverse-image-box-filled\" src=\"http:\/\/www.eventaconcept.com\/wp-content\/uploads\/2025\/12\/envato-labs-image-edit-1.png\" height=\"512\" width=\"2048\"\/><\/a><\/div>\n<\/div><\/div>\n\n\n\n<div class=\"wp-block-gutenverse-column guten-element guten-column guten-MBoHzE\"><div class=\"guten-column-wrapper\" data-id=\"MBoHzE\"><div id=\"guten-4uJe5Q\" class=\"guten-element guten-nav-menu nav-menu break-point-tablet submenu-click-title \" data-item-indicator=\"gtn gtn-angle-down-solid\" data-item-indicator-type=\"icon\" data-item-indicator-svg=\"\" data-close-on-click=\"1\">\n\t\t\t<div class=\"gutenverse-hamburger-wrapper\">\n\t\t\t\t<button class=\"gutenverse-hamburger-menu\" aria-label=>\n\t\t\t\t<i aria-hidden=\"true\" class=\"gtn gtn-menu-11-light\"><\/i>\n\t\t\t\t<\/button>\n\t\t\t<\/div>\n\t\t\t<div class=\"guten-nav-overlay\"><\/div>\n\t\t\t<div class=\"gutenverse-menu-wrapper\"><div class=\"gutenverse-menu-container\"><ul id=\"menu-evenizer-1\" class=\"gutenverse-menu\"><li id=\"menu-item-58\" class=\"menu-item menu-item-type-custom menu-item-object-custom menu-item-home menu-item-58\"><a href=\"javascript:void(0);\" data-href=\"https:\/\/www.eventaconcept.com\/\">Accueil<\/a><\/li>\n<li id=\"menu-item-59\" class=\"menu-item menu-item-type-custom menu-item-object-custom menu-item-59\"><a href=\"javascript:void(0);\" data-href=\"https:\/\/www.eventaconcept.com\/index.php\/about-us\/\">\u00c0 Propos<\/a><\/li>\n<li id=\"menu-item-60\" class=\"menu-item menu-item-type-custom menu-item-object-custom menu-item-60\"><a href=\"javascript:void(0);\" data-href=\"https:\/\/www.eventaconcept.com\/index.php\/services\/\">Nos Services<\/a><\/li>\n<li id=\"menu-item-61\" class=\"menu-item menu-item-type-custom menu-item-object-custom menu-item-has-children menu-item-61\"><a href=\"javascript:void(0);\" data-href=\"#\">Pages<\/a>\n<ul class=\"sub-menu\">\n\t<li id=\"menu-item-63\" class=\"menu-item menu-item-type-custom menu-item-object-custom menu-item-63\"><a href=\"javascript:void(0);\" data-href=\"https:\/\/www.eventaconcept.com\/index.php\/pricing\/\">Tarifs<\/a><\/li>\n\t<li id=\"menu-item-64\" class=\"menu-item menu-item-type-custom menu-item-object-custom menu-item-64\"><a href=\"javascript:void(0);\" data-href=\"https:\/\/www.eventaconcept.com\/index.php\/faq\/\">FAQ<\/a><\/li>\n<\/ul>\n<\/li>\n<\/ul><\/div>\n\t\t\t\t<div>\n\t\t\t\t\t<div class=\"gutenverse-nav-identity-panel\">\n\t\t\t\t\t\t<div class=\"gutenverse-nav-site-title\">\n\t\t\t\t\t\t\t<a href=\"https:\/\/www.eventaconcept.com\" class=\"gutenverse-nav-logo\"><img decoding=\"async\" src=\"http:\/\/www.eventaconcept.com\/wp-content\/uploads\/2025\/12\/evenizer-logo-black.webp\" alt=\"Eventa Concept - \" width=\"363\" height=\"79\"><\/a>\n\t\t\t\t\t\t<\/div>\n\t\t\t\t\t\t<button class=\"gutenverse-close-menu\" aria-label=><i aria-hidden=\"true\" class=\"fas fa-times\"><\/i><\/button>\n\t\t\t\t\t<\/div>\n\t\t\t\t<\/div>\n\t\t\t<\/div>\n\t\t<\/div><\/div><\/div>\n\n\n\n<div class=\"wp-block-gutenverse-column guten-element guten-column guten-OD4PcR hide-tablet hide-mobile\"><div class=\"guten-column-wrapper\" data-id=\"OD4PcR\">\n<div class=\"wp-block-gutenverse-icon guten-element guten-HcCS8m guten-icon hide-tablet hide-mobile\"><a class=\"guten-icon-wrapper rounded stacked\" href=\"#search\"><i class=\"gtn gtn-search11-light\"><\/i><\/a><\/div>\n\n\n\n<div class=\"guten-element guten-button-wrapper guten-C4itko hide-tablet hide-mobile\"><a class=\"guten-button guten-button-sm\" href=\"#\"><span>Nous Contacter<\/span><\/a><\/div>\n<\/div><\/div>\n<\/div><\/section><\/div>\n\n\n\n<div class=\"section-wrapper\" data-id=\"bTWVro\"><section class=\"wp-block-gutenverse-section guten-element guten-section guten-bTWVro layout-boxed align-stretch\"><div class=\"guten-background-overlay\"><\/div><div class=\"guten-container guten-column-gap-default\">\n<div class=\"wp-block-gutenverse-column guten-element guten-column guten-MZWqpv\"><div class=\"guten-column-wrapper\" data-id=\"MZWqpv\">\n<h1 class=\"wp-block-gutenverse-heading guten-element guten-4nxzFB animated guten-element-hide desktop-fadeInUp\">Contact Us<\/h1>\n\n\n\n<div class=\"guten-element guten-icon-list guten-s3WBhr animated guten-element-hide desktop-fadeInUp\"><div class=\" list-wrapper inline-icon-list\">\n<div class=\"guten-element guten-icon-list-item guten-QEzMnZ\"><div class=\"list-divider\"><\/div><a id=\"guten-QEzMnZ\"><span class=\"list-text no-icon\">Home<\/span><\/a><\/div>\n\n\n\n<div class=\"guten-element guten-icon-list-item guten-5R8S5n\"><div class=\"list-divider\"><\/div><a id=\"guten-5R8S5n\"><i class=\"fas fa-chevron-right\"><\/i><span class=\"list-text \">Contact Us<\/span><\/a><\/div>\n<\/div><\/div>\n<\/div><\/div>\n<\/div><\/section><\/div>\n\n\n\n<div class=\"section-wrapper\" data-id=\"1MoF2U\"><section class=\"wp-block-gutenverse-section guten-element guten-section guten-1MoF2U layout-boxed align-stretch\"><div class=\"guten-container guten-column-gap-default\">\n<div class=\"wp-block-gutenverse-column guten-element guten-column guten-ECB9c6 animated guten-element-hide desktop-fadeInUp\"><div class=\"guten-column-wrapper\" data-id=\"ECB9c6\">\n<h3 class=\"wp-block-gutenverse-heading guten-element guten-Lq1Ftw\">Envoyez-nous un Message<\/h3>\n\n\n\n<div class=\"guten-element gutenverse-text-editor guten-V1AURd\"><div class=\"text-content-inner\">\n<p>D\u00e9crivez-nous votre projet, nous vous r\u00e9pondons sous 24h.<\/p>\n<\/div><\/div>\n\n\n\n<form style=\"display:none\" class=\"guten-element guten-form-builder guten-jor3mL\" data-form-id=\"493\">\n<div class=\"section-wrapper\" data-id=\"gt8lP7\"><section class=\"wp-block-gutenverse-section guten-element guten-section guten-gt8lP7 layout-fullwidth align-stretch\"><div class=\"guten-container guten-column-gap-no\">\n<div class=\"wp-block-gutenverse-column guten-element guten-column guten-TZ1kXP\"><div class=\"guten-column-wrapper\" data-id=\"TZ1kXP\">\n<div class=\"guten-element guten-form-input-text guten-form-input guten-input-position-top guten-CYQgkY hide-label hide-helper\"><div class=\"label-wrapper\"><\/div><div class=\"main-wrapper\"><input data-validation=\"{&quot;type&quot;:&quot;text&quot;,&quot;required&quot;:false,&quot;validationType&quot;:&quot;none&quot;,&quot;validationWarning&quot;:&quot;Input Invalid&quot;}\" placeholder=\"First Name\" name=\"input-text-name\" class=\"gutenverse-input gutenverse-input-text\" type=\"text\"\/><div class=\"validation-error\">Input Invalid<\/div><\/div><\/div>\n<\/div><\/div>\n\n\n\n<div class=\"wp-block-gutenverse-column guten-element guten-column guten-k9c8dC\"><div class=\"guten-column-wrapper\" data-id=\"k9c8dC\">\n<div class=\"guten-element guten-form-input-text guten-form-input guten-input-position-top guten-naTS1w hide-label hide-helper\"><div class=\"label-wrapper\"><\/div><div class=\"main-wrapper\"><input data-validation=\"{&quot;type&quot;:&quot;text&quot;,&quot;required&quot;:false,&quot;validationType&quot;:&quot;none&quot;,&quot;validationWarning&quot;:&quot;Input Invalid&quot;}\" placeholder=\"Last Name\" name=\"input-text-name\" class=\"gutenverse-input gutenverse-input-text\" type=\"text\"\/><div class=\"validation-error\">Input Invalid<\/div><\/div><\/div>\n<\/div><\/div>\n<\/div><\/section><\/div>\n\n\n\n<div class=\"guten-element guten-form-input-email guten-form-input guten-input-position-top guten-jVgqJd hide-label hide-helper\"><div class=\"label-wrapper\"><\/div><div class=\"main-wrapper\"><input data-validation=\"{&quot;type&quot;:&quot;email&quot;,&quot;required&quot;:false,&quot;validationType&quot;:&quot;none&quot;,&quot;validationWarning&quot;:&quot;Input Invalid&quot;}\" placeholder=\"Your Email\" name=\"input-email\" class=\"gutenverse-input gutenverse-input-email\" type=\"email\"\/><div class=\"validation-error\">Input Invalid<\/div><\/div><\/div>\n\n\n\n<div class=\"guten-element guten-form-input-text guten-form-input guten-input-position-top guten-Hgl8oZ hide-label hide-helper\"><div class=\"label-wrapper\"><\/div><div class=\"main-wrapper\"><input data-validation=\"{&quot;type&quot;:&quot;text&quot;,&quot;required&quot;:false,&quot;validationType&quot;:&quot;none&quot;,&quot;validationWarning&quot;:&quot;Input Invalid&quot;}\" placeholder=\"Subject\" name=\"input-text-name\" class=\"gutenverse-input gutenverse-input-text\" type=\"text\"\/><div class=\"validation-error\">Input Invalid<\/div><\/div><\/div>\n\n\n\n<div class=\"guten-element guten-form-input-textarea guten-form-input guten-input-position-top guten-h2u4au hide-label hide-helper\"><div class=\"label-wrapper\"><\/div><div class=\"main-wrapper\"><textarea data-validation=\"{&quot;type&quot;:&quot;textarea&quot;,&quot;required&quot;:false,&quot;validationType&quot;:&quot;none&quot;,&quot;validationWarning&quot;:&quot;Input Invalid&quot;}\" placeholder=\"Message\" name=\"input-textarea\" class=\"gutenverse-input gutenverse-input-text\"><\/textarea><div class=\"validation-error\">Input Invalid<\/div><\/div><\/div>\n\n\n\n<div class=\"guten-element guten-button-wrapper guten-submit-wrapper guten-6wav20\"><div class=\"form-notification\"><\/div><button class=\"guten-button gutenverse-input-submit guten-button-sm\" type=\"submit\"><span>Envoyer le Message<\/span><\/button><div class=\"gutenverse-input-submit-loader\"><svg xmlns=\"http:\/\/www.w3.org\/2000\/svg\" viewBox=\"0 0 640 640\"><path d=\"M272 112C272 85.5 293.5 64 320 64C346.5 64 368 85.5 368 112C368 138.5 346.5 160 320 160C293.5 160 272 138.5 272 112zM272 528C272 501.5 293.5 480 320 480C346.5 480 368 501.5 368 528C368 554.5 346.5 576 320 576C293.5 576 272 554.5 272 528zM112 272C138.5 272 160 293.5 160 320C160 346.5 138.5 368 112 368C85.5 368 64 346.5 64 320C64 293.5 85.5 272 112 272zM480 320C480 293.5 501.5 272 528 272C554.5 272 576 293.5 576 320C576 346.5 554.5 368 528 368C501.5 368 480 346.5 480 320zM139 433.1C157.8 414.3 188.1 414.3 206.9 433.1C225.7 451.9 225.7 482.2 206.9 501C188.1 519.8 157.8 519.8 139 501C120.2 482.2 120.2 451.9 139 433.1zM139 139C157.8 120.2 188.1 120.2 206.9 139C225.7 157.8 225.7 188.1 206.9 206.9C188.1 225.7 157.8 225.7 139 206.9C120.2 188.1 120.2 157.8 139 139zM501 433.1C519.8 451.9 519.8 482.2 501 501C482.2 519.8 451.9 519.8 433.1 501C414.3 482.2 414.3 451.9 433.1 433.1C451.9 414.3 482.2 414.3 501 433.1z\"><\/path><\/svg><\/div><\/div>\n<\/form>\n<\/div><\/div>\n\n\n\n<div class=\"wp-block-gutenverse-column guten-element guten-column guten-QUy1jU\"><div class=\"guten-column-wrapper\" data-id=\"QUy1jU\">\n<div class=\"guten-element guten-advanced-heading guten-92M79P animated guten-element-hide desktop-fadeInRight\"><h6 class=\"heading-subtitle\">Contact Us<\/h6><div class=\"heading-section \"><h2 class=\"heading-title\"><span class=\"heading-title\">Contactez-Nous<\/span><span class=\"heading-focus\"><\/span><\/h2><\/div><\/div>\n\n\n\n<div class=\"guten-element gutenverse-text-editor guten-83QxWS animated guten-element-hide desktop-fadeInRight\"><div class=\"text-content-inner\">\n<p>D\u00e9crivez-nous votre projet, nous vous r\u00e9pondons sous 24h.<\/p>\n<\/div><\/div>\n\n\n\n<div class=\"section-wrapper\" data-id=\"kyCZZ4\"><section class=\"wp-block-gutenverse-section guten-element guten-section guten-kyCZZ4 layout-fullwidth align-stretch\"><div class=\"guten-container guten-column-gap-no\">\n<div class=\"wp-block-gutenverse-column guten-element guten-column guten-cdB64c\"><div class=\"guten-column-wrapper\" data-id=\"cdB64c\">\n<div class=\"guten-element guten-NzjxVO animated guten-element-hide desktop-fadeInUp guten-icon-box icon-position-top\"><div class=\"guten-icon-box-wrapper hover-from-bottom\"><div class=\"icon-box icon-box-header\"><div class=\"icon bg-style-color\"><i class=\"gtn gtn-map-marker1-light icon-style-color\"><\/i><\/div><\/div><div class=\"icon-box icon-box-body\"><h5 class=\"title\">Adresse<\/h5><p class=\"icon-box-description\">Paris, \u00cele-de-France, France<\/p><\/div><\/div><\/div>\n\n\n\n<div class=\"guten-element guten-KmpkE9 animated guten-element-hide desktop-fadeInUp guten-icon-box icon-position-top\"><div class=\"guten-icon-box-wrapper hover-from-bottom\"><div class=\"icon-box icon-box-header\"><div class=\"icon bg-style-color\"><i class=\"gtn gtn-phone-handset-light icon-style-color\"><\/i><\/div><\/div><div class=\"icon-box icon-box-body\"><h5 class=\"title\">Phone<\/h5><p class=\"icon-box-description\">+33 (0)1 XX XX XX XX<\/p><\/div><\/div><\/div>\n<\/div><\/div>\n\n\n\n<div class=\"wp-block-gutenverse-column guten-element guten-column guten-8tzpMf\"><div class=\"guten-column-wrapper\" data-id=\"8tzpMf\">\n<div class=\"guten-element guten-pYHOQE animated guten-element-hide desktop-fadeInUp guten-icon-box icon-position-top\"><div class=\"guten-icon-box-wrapper hover-from-bottom\"><div class=\"icon-box icon-box-header\"><div class=\"icon bg-style-color\"><i class=\"gtn gtn-email1-light icon-style-color\"><\/i><\/div><\/div><div class=\"icon-box icon-box-body\"><h5 class=\"title\">Email<\/h5><p class=\"icon-box-description\">contact@eventaconcept.com<\/p><\/div><\/div><\/div>\n\n\n\n<div class=\"guten-element guten-VORqxJ animated guten-element-hide desktop-fadeInUp guten-icon-box icon-position-top\"><div class=\"guten-icon-box-wrapper hover-from-bottom\"><div class=\"icon-box icon-box-header\"><div class=\"icon bg-style-color\"><i class=\"gtn gtn-clock-line icon-style-color\"><\/i><\/div><\/div><div class=\"icon-box icon-box-body\"><h5 class=\"title\">Horaires d&#8217;Ouverture<\/h5><p class=\"icon-box-description\">Lun &#8211; Ven : 09h00 &#8211; 18h00<\/p><\/div><\/div><\/div>\n<\/div><\/div>\n<\/div><\/section><\/div>\n<\/div><\/div>\n<\/div><\/section><\/div>\n\n\n\n<div class=\"section-wrapper\" data-id=\"MkXttm\"><section class=\"wp-block-gutenverse-section guten-element guten-section guten-MkXttm layout-fullwidth align-stretch\"><div class=\"guten-container guten-column-gap-no\">\n<div class=\"wp-block-gutenverse-column guten-element guten-column guten-ZAbz41\"><div class=\"guten-column-wrapper\" data-id=\"ZAbz41\">\n<div class=\"guten-element gutenverse-maps guten-maps guten-Ag8TBe\" data-src=\"https:\/\/maps.google.com\/maps?q=Jl%20Sunset%20Road%20No.%20815%20Kuta&amp;z=15&amp;t=m&amp;output=embed&amp;iwloc=near\"><iframe frameborder=\"0\" scrolling=\"no\" marginheight=\"0\" marginwidth=\"0\" src=\"\" title=\"Jl Sunset Road No. 815 Kuta\"><\/iframe><\/div>\n<\/div><\/div>\n<\/div><\/section><\/div>\n\n\n\n<div class=\"section-wrapper\" data-id=\"PLK49T\"><section class=\"wp-block-gutenverse-section guten-element guten-section guten-PLK49T layout-boxed align-stretch\"><div class=\"guten-background-overlay\"><\/div><div class=\"guten-shape-divider guten-shape-divider-top\"><\/div><div class=\"guten-container guten-column-gap-default\">\n<div class=\"wp-block-gutenverse-column guten-element guten-column guten-2Vx6Pi\"><div class=\"guten-column-wrapper\" data-id=\"2Vx6Pi\">\n<div class=\"section-wrapper\" data-id=\"P2C9n5\"><section class=\"wp-block-gutenverse-section guten-element guten-section guten-P2C9n5 layout-fullwidth align-stretch\"><div class=\"guten-container guten-column-gap-no\">\n<div class=\"wp-block-gutenverse-column guten-element guten-column guten-lZFk45\"><div class=\"guten-column-wrapper\" data-id=\"lZFk45\">\n<div class=\"wp-block-gutenverse-image guten-element guten-image guten-hjlCeM\"><div class=\"guten-image-wrapper\"><img decoding=\"async\" class=\"gutenverse-image-box-filled\" src=\"https:\/\/www.eventaconcept.com\/wp-content\/uploads\/2025\/12\/Evenizer-logo.webp\" height=\"88\" width=\"366\"\/><\/div><\/div>\n\n\n\n<div class=\"guten-element gutenverse-text-editor guten-qUlebG\"><div class=\"text-content-inner\">\n<p>Votre agence \u00e9v\u00e9nementielle DJ bas\u00e9e \u00e0 Paris. Cr\u00e9ateurs d&#8217;exp\u00e9riences inoubliables depuis plus de 10 ans.<\/p>\n<\/div><\/div>\n\n\n\n<div class=\"guten-element guten-icon-list guten-Mueig4\"><div class=\" list-wrapper \">\n<div class=\"guten-element guten-icon-list-item guten-WxnC8F\"><div class=\"list-divider\"><\/div><a id=\"guten-WxnC8F\"><i class=\"fas fa-map-marker-alt\"><\/i><span class=\"list-text \">Paris, \u00cele-de-France, France<\/span><\/a><\/div>\n\n\n\n<div class=\"guten-element guten-icon-list-item guten-QgwZ1O\"><div class=\"list-divider\"><\/div><a id=\"guten-QgwZ1O\"><i class=\"fas fa-envelope\"><\/i><span class=\"list-text \">contact@eventaconcept.com<\/span><\/a><\/div>\n\n\n\n<div class=\"guten-element guten-icon-list-item guten-ICU2dW\"><div class=\"list-divider\"><\/div><a id=\"guten-ICU2dW\"><i class=\"fas fa-phone\"><\/i><span class=\"list-text \">+33 (0)1 XX XX XX XX<\/span><\/a><\/div>\n<\/div><\/div>\n<\/div><\/div>\n\n\n\n<div class=\"wp-block-gutenverse-column guten-element guten-column guten-80dmaH\"><div class=\"guten-column-wrapper\" data-id=\"80dmaH\">\n<h5 class=\"wp-block-gutenverse-heading guten-element guten-Oani0a\">Liens Rapides<\/h5>\n\n\n\n<div class=\"guten-element guten-icon-list guten-gyzYec\"><div class=\" list-wrapper \">\n<div class=\"guten-element guten-icon-list-item guten-4UVdVY\"><div class=\"list-divider\"><\/div><a id=\"guten-4UVdVY\" href=\"#\"><i class=\"fas fa-angle-right\"><\/i><span class=\"list-text \">\u00c0 Propos<\/span><\/a><\/div>\n\n\n\n<div class=\"guten-element guten-icon-list-item guten-vOwkm1\"><div class=\"list-divider\"><\/div><a id=\"guten-vOwkm1\" href=\"#\"><i class=\"fas fa-angle-right\"><\/i><span class=\"list-text \">Nos Services<\/span><\/a><\/div>\n\n\n\n<div class=\"guten-element guten-icon-list-item guten-69NAd2\"><div class=\"list-divider\"><\/div><a id=\"guten-69NAd2\" href=\"#\"><i class=\"fas fa-angle-right\"><\/i><span class=\"list-text \">Recrutement<\/span><\/a><\/div>\n\n\n\n<div class=\"guten-element guten-icon-list-item guten-SyXWqW\"><div class=\"list-divider\"><\/div><a id=\"guten-SyXWqW\" href=\"#\"><i class=\"fas fa-angle-right\"><\/i><span class=\"list-text \">Tarifs<\/span><\/a><\/div>\n\n\n\n<div class=\"guten-element guten-icon-list-item guten-sSt3f3\"><div class=\"list-divider\"><\/div><a id=\"guten-sSt3f3\" href=\"#\"><i class=\"fas fa-angle-right\"><\/i><span class=\"list-text \">Contact<\/span><\/a><\/div>\n<\/div><\/div>\n<\/div><\/div>\n\n\n\n<div class=\"wp-block-gutenverse-column guten-element guten-column guten-JpcSA1\"><div class=\"guten-column-wrapper\" data-id=\"JpcSA1\">\n<h4 class=\"wp-block-gutenverse-heading guten-element guten-pQt1Fa\">Informations<\/h4>\n\n\n\n<div class=\"guten-element guten-icon-list guten-aK5T26\"><div class=\" list-wrapper \">\n<div class=\"guten-element guten-icon-list-item guten-0ByJCT\"><div class=\"list-divider\"><\/div><a id=\"guten-0ByJCT\" href=\"#\"><i class=\"fas fa-angle-right\"><\/i><span class=\"list-text \">Privacy Policy<\/span><\/a><\/div>\n\n\n\n<div class=\"guten-element guten-icon-list-item guten-QtTMJT\"><div class=\"list-divider\"><\/div><a id=\"guten-QtTMJT\" href=\"#\"><i class=\"fas fa-angle-right\"><\/i><span class=\"list-text \">Conditions G\u00e9n\u00e9rales<\/span><\/a><\/div>\n\n\n\n<div class=\"guten-element guten-icon-list-item guten-BMyxkT\"><div class=\"list-divider\"><\/div><a id=\"guten-BMyxkT\" href=\"#\"><i class=\"fas fa-angle-right\"><\/i><span class=\"list-text \">Mentions L\u00e9gales<\/span><\/a><\/div>\n\n\n\n<div class=\"guten-element guten-icon-list-item guten-hvSo9I\"><div class=\"list-divider\"><\/div><a id=\"guten-hvSo9I\" href=\"#\"><i class=\"fas fa-angle-right\"><\/i><span class=\"list-text \">Support<\/span><\/a><\/div>\n\n\n\n<div class=\"guten-element guten-icon-list-item guten-VV3ae7\"><div class=\"list-divider\"><\/div><a id=\"guten-VV3ae7\" href=\"#\"><i class=\"fas fa-angle-right\"><\/i><span class=\"list-text \">FAQ<\/span><\/a><\/div>\n<\/div><\/div>\n<\/div><\/div>\n\n\n\n<div class=\"wp-block-gutenverse-column guten-element guten-column guten-GSpf2H\"><div class=\"guten-column-wrapper\" data-id=\"GSpf2H\">\n<h4 class=\"wp-block-gutenverse-heading guten-element guten-MvKdUD\">Newsletter<\/h4>\n\n\n\n<form style=\"display:none\" class=\"guten-element guten-form-builder guten-tZaEOD\" data-form-id=\"203\">\n<div class=\"section-wrapper\" data-id=\"oBHPp1\"><section class=\"wp-block-gutenverse-section guten-element guten-section guten-oBHPp1 layout-fullwidth align-stretch\"><div class=\"guten-container guten-column-gap-no\">\n<div class=\"wp-block-gutenverse-column guten-element guten-column guten-dWtCOV\"><div class=\"guten-column-wrapper\" data-id=\"dWtCOV\">\n<div class=\"guten-element guten-form-input-email guten-form-input guten-input-position-top guten-p7s8H3 hide-label hide-helper\"><div class=\"label-wrapper\"><\/div><div class=\"main-wrapper\"><input data-validation=\"{&quot;type&quot;:&quot;email&quot;,&quot;required&quot;:false,&quot;validationType&quot;:&quot;none&quot;,&quot;validationWarning&quot;:&quot;Input Invalid&quot;}\" placeholder=\"Your Email Address\" name=\"input-email\" class=\"gutenverse-input gutenverse-input-email\" type=\"email\"\/><div class=\"validation-error\">Input Invalid<\/div><\/div><\/div>\n<\/div><\/div>\n\n\n\n<div class=\"wp-block-gutenverse-column guten-element guten-column guten-Ls9d2Q\"><div class=\"guten-column-wrapper\" data-id=\"Ls9d2Q\">\n<div class=\"guten-element guten-button-wrapper guten-submit-wrapper guten-sQPxCR\"><div class=\"form-notification\"><\/div><button class=\"guten-button gutenverse-input-submit guten-button-sm\" type=\"submit\"><span>S&#8217;abonner<\/span><\/button><div class=\"gutenverse-input-submit-loader\"><svg xmlns=\"http:\/\/www.w3.org\/2000\/svg\" viewBox=\"0 0 640 640\"><path d=\"M272 112C272 85.5 293.5 64 320 64C346.5 64 368 85.5 368 112C368 138.5 346.5 160 320 160C293.5 160 272 138.5 272 112zM272 528C272 501.5 293.5 480 320 480C346.5 480 368 501.5 368 528C368 554.5 346.5 576 320 576C293.5 576 272 554.5 272 528zM112 272C138.5 272 160 293.5 160 320C160 346.5 138.5 368 112 368C85.5 368 64 346.5 64 320C64 293.5 85.5 272 112 272zM480 320C480 293.5 501.5 272 528 272C554.5 272 576 293.5 576 320C576 346.5 554.5 368 528 368C501.5 368 480 346.5 480 320zM139 433.1C157.8 414.3 188.1 414.3 206.9 433.1C225.7 451.9 225.7 482.2 206.9 501C188.1 519.8 157.8 519.8 139 501C120.2 482.2 120.2 451.9 139 433.1zM139 139C157.8 120.2 188.1 120.2 206.9 139C225.7 157.8 225.7 188.1 206.9 206.9C188.1 225.7 157.8 225.7 139 206.9C120.2 188.1 120.2 157.8 139 139zM501 433.1C519.8 451.9 519.8 482.2 501 501C482.2 519.8 451.9 519.8 433.1 501C414.3 482.2 414.3 451.9 433.1 433.1C451.9 414.3 482.2 414.3 501 433.1z\"><\/path><\/svg><\/div><\/div>\n<\/div><\/div>\n<\/div><\/section><\/div>\n<\/form>\n\n\n\n<div class=\"guten-element gutenverse-text-editor guten-BZbF0R\"><div class=\"text-content-inner\">\n<p>Inscrivez-vous pour recevoir nos actualit\u00e9s et offres exclusives.<\/p>\n<\/div><\/div>\n\n\n\n<div class=\"guten-element guten-social-icons guten-MlSyoy circle horizontal fill\">\n<div class=\"guten-element guten-social-icon guten-obIBgn facebook\"><a id=\"guten-obIBgn\" href=\"#\"><i class=\"gtn gtn-facebook-light\"><\/i><\/a><\/div>\n\n\n\n<div class=\"guten-element guten-social-icon guten-wllr8b instagram\"><a id=\"guten-wllr8b\" href=\"#\"><i class=\"fab fa-instagram\"><\/i><\/a><\/div>\n\n\n\n<div class=\"guten-element guten-social-icon guten-fl5jfO twitter\"><a id=\"guten-fl5jfO\" href=\"#\"><i class=\"fab fa-x-twitter\"><\/i><\/a><\/div>\n\n\n\n<div class=\"guten-element guten-social-icon guten-BJVCMp youtube\"><a id=\"guten-BJVCMp\" href=\"#\"><i class=\"gtn gtn-youtube-v-light\"><\/i><\/a><\/div>\n<\/div>\n<\/div><\/div>\n<\/div><\/section><\/div>\n\n\n\n<div class=\"section-wrapper\" data-id=\"fPUPV9\"><section class=\"wp-block-gutenverse-section guten-element guten-section guten-fPUPV9 layout-fullwidth align-stretch\"><div class=\"guten-container guten-column-gap-no\">\n<div class=\"wp-block-gutenverse-column guten-element guten-column guten-NF1Tgo\"><div class=\"guten-column-wrapper\" data-id=\"NF1Tgo\">\n<div class=\"guten-element gutenverse-text-editor guten-QcOk3A\"><div class=\"text-content-inner\">\n<p>Agence \u00c9v\u00e9nementielle DJ | <strong><a href=\"https:\/\/gutenverse.com\/\" target=\"_blank\" rel=\"noreferrer noopener\">Gutenverse Blocks Addons<\/a>.<\/strong><\/p>\n<\/div><\/div>\n\n\n\n<div class=\"guten-element gutenverse-text-editor guten-QewmYY\"><div class=\"text-content-inner\">\n<p>Copyright \u00a9 2025. All rights reserved.<\/p>\n<\/div><\/div>\n<\/div><\/div>\n<\/div><\/section><\/div>\n<\/div><\/div>\n<\/div><\/section><\/div>\n","protected":false},"excerpt":{"rendered":"","protected":false},"author":1,"featured_media":0,"parent":0,"menu_order":0,"comment_status":"closed","ping_status":"closed","template":"blank-canvas","meta":{"footnotes":""},"class_list":["post-92","page","type-page","status-publish","hentry"],"_links":{"self":[{"href":"https:\/\/www.eventaconcept.com\/index.php\/wp-json\/wp\/v2\/pages\/92","targetHints":{"allow":["GET"]}}],"collection":[{"href":"https:\/\/www.eventaconcept.com\/index.php\/wp-json\/wp\/v2\/pages"}],"about":[{"href":"https:\/\/www.eventaconcept.com\/index.php\/wp-json\/wp\/v2\/types\/page"}],"author":[{"embeddable":true,"href":"https:\/\/www.eventaconcept.com\/index.php\/wp-json\/wp\/v2\/users\/1"}],"replies":[{"embeddable":true,"href":"https:\/\/www.eventaconcept.com\/index.php\/wp-json\/wp\/v2\/comments?post=92"}],"version-history":[{"count":8,"href":"https:\/\/www.eventaconcept.com\/index.php\/wp-json\/wp\/v2\/pages\/92\/revisions"}],"predecessor-version":[{"id":166,"href":"https:\/\/www.eventaconcept.com\/index.php\/wp-json\/wp\/v2\/pages\/92\/revisions\/166"}],"wp:attachment":[{"href":"https:\/\/www.eventaconcept.com\/index.php\/wp-json\/wp\/v2\/media?parent=92"}],"curies":[{"name":"wp","href":"https:\/\/api.w.org\/{rel}","templated":true}]}}